{"id":311,"date":"2025-08-07T14:26:53","date_gmt":"2025-08-07T12:26:53","guid":{"rendered":"http:\/\/152.53.85.102\/?post_type=product&#038;p=311"},"modified":"2025-08-07T14:26:53","modified_gmt":"2025-08-07T12:26:53","slug":"nichts-wert","status":"publish","type":"product","link":"https:\/\/krawallonkel.net\/index.php\/produkt\/nichts-wert\/","title":{"rendered":"Nichts Wert"},"content":{"rendered":"<ol>\n<li data-start=\"320\" data-end=\"354\">\n<p data-start=\"323\" data-end=\"354\">Du gehst arbeiten Tag f\u00fcr Tag<\/p>\n<\/li>\n<li data-start=\"355\" data-end=\"374\">\n<p data-start=\"358\" data-end=\"374\">Falsches Spiel<\/p>\n<\/li>\n<li data-start=\"375\" data-end=\"390\">\n<p data-start=\"378\" data-end=\"390\">F\u00fcr Nichts<\/p>\n<\/li>\n<li data-start=\"391\" data-end=\"410\">\n<p data-start=\"394\" data-end=\"410\">Kein Entkommen<\/p>\n<\/li>\n<li data-start=\"411\" data-end=\"429\">\n<p data-start=\"414\" data-end=\"429\">Kein Erbarmen<\/p>\n<\/li>\n<li data-start=\"430\" data-end=\"452\">\n<p data-start=\"433\" data-end=\"452\">Malooche und Verrat<\/p>\n<\/li>\n<\/ol>\n","protected":false},"excerpt":{"rendered":"<p>Ein musikalischer Mittelfinger gegen Ausbeutung, L\u00fcgen und soziale K\u00e4lte.<br data-start=\"112\" data-end=\"115\" \/>\u201eNichts Wert\u201c ist ein bitterer, ehrlicher Soundtrack f\u00fcr alle, die sich Tag f\u00fcr Tag durchbei\u00dfen \u2013 und trotzdem ignoriert, belogen oder verraten werden. Kein Trost. Nur Wahrheit.<\/p>\n","protected":false},"featured_media":312,"comment_status":"open","ping_status":"closed","template":"","meta":[],"product_brand":[],"product_cat":[16],"product_tag":[],"class_list":{"0":"post-311","1":"product","2":"type-product","3":"status-publish","4":"has-post-thumbnail","6":"product_cat-ep","8":"first","9":"instock","10":"downloadable","11":"virtual","12":"purchasable","13":"product-type-simple"},"_links":{"self":[{"href":"https:\/\/krawallonkel.net\/index.php\/wp-json\/wp\/v2\/product\/311","targetHints":{"allow":["GET"]}}],"collection":[{"href":"https:\/\/krawallonkel.net\/index.php\/wp-json\/wp\/v2\/product"}],"about":[{"href":"https:\/\/krawallonkel.net\/index.php\/wp-json\/wp\/v2\/types\/product"}],"replies":[{"embeddable":true,"href":"https:\/\/krawallonkel.net\/index.php\/wp-json\/wp\/v2\/comments?post=311"}],"wp:featuredmedia":[{"embeddable":true,"href":"https:\/\/krawallonkel.net\/index.php\/wp-json\/wp\/v2\/media\/312"}],"wp:attachment":[{"href":"https:\/\/krawallonkel.net\/index.php\/wp-json\/wp\/v2\/media?parent=311"}],"wp:term":[{"taxonomy":"product_brand","embeddable":true,"href":"https:\/\/krawallonkel.net\/index.php\/wp-json\/wp\/v2\/product_brand?post=311"},{"taxonomy":"product_cat","embeddable":true,"href":"https:\/\/krawallonkel.net\/index.php\/wp-json\/wp\/v2\/product_cat?post=311"},{"taxonomy":"product_tag","embeddable":true,"href":"https:\/\/krawallonkel.net\/index.php\/wp-json\/wp\/v2\/product_tag?post=311"}],"curies":[{"name":"wp","href":"https:\/\/api.w.org\/{rel}","templated":true}]}}