{"id":344,"date":"2025-08-07T14:57:56","date_gmt":"2025-08-07T12:57:56","guid":{"rendered":"http:\/\/152.53.85.102\/?post_type=product&#038;p=344"},"modified":"2025-08-07T14:57:56","modified_gmt":"2025-08-07T12:57:56","slug":"rot","status":"publish","type":"product","link":"https:\/\/krawallonkel.net\/index.php\/produkt\/rot\/","title":{"rendered":"Rot"},"content":{"rendered":"<ol>\n<li data-start=\"579\" data-end=\"625\">\n<p data-start=\"582\" data-end=\"625\">Ich kann und will es nicht mehr hinnehmen<\/p>\n<\/li>\n<li data-start=\"626\" data-end=\"663\">\n<p data-start=\"629\" data-end=\"663\">Brauner Abschaum, Nazi, Faschist<\/p>\n<\/li>\n<li data-start=\"664\" data-end=\"707\">\n<p data-start=\"667\" data-end=\"707\">Da werden schnell Bekannte zu Freunden<\/p>\n<\/li>\n<li data-start=\"708\" data-end=\"735\">\n<p data-start=\"711\" data-end=\"735\">Die Staatsanwaltschaft<\/p>\n<\/li>\n<li data-start=\"736\" data-end=\"784\">\n<p data-start=\"739\" data-end=\"784\">Hetze und Propaganda nur L\u00fcgen und Intrigen<\/p>\n<\/li>\n<li data-start=\"785\" data-end=\"819\">\n<p data-start=\"788\" data-end=\"819\">Ich lass mich nicht verbiegen<\/p>\n<\/li>\n<li data-start=\"820\" data-end=\"856\">\n<p data-start=\"823\" data-end=\"856\">Ich schei\u00dfe auf falsche Freunde<\/p>\n<\/li>\n<li data-start=\"857\" data-end=\"899\">\n<p data-start=\"860\" data-end=\"899\">Liebe dein Land als w\u00e4re es dein Kind<\/p>\n<\/li>\n<li data-start=\"900\" data-end=\"937\">\n<p data-start=\"903\" data-end=\"937\">Mein Haaaaaaaaaass und meine Wut<\/p>\n<\/li>\n<li data-start=\"938\" data-end=\"985\">\n<p data-start=\"942\" data-end=\"985\">Mein Herz es schreit und weint bitterlich<\/p>\n<\/li>\n<li data-start=\"986\" data-end=\"1024\">\n<p data-start=\"990\" data-end=\"1024\">Ohhhh ich glaub ich bin verliebt<\/p>\n<\/li>\n<li data-start=\"1025\" data-end=\"1070\">\n<p data-start=\"1029\" data-end=\"1070\">Und aus diesen Gr\u00fcnden bin ich ein Nazi<\/p>\n<\/li>\n<li data-start=\"1071\" data-end=\"1105\">\n<p data-start=\"1075\" data-end=\"1105\">Wer verbietet, der hat Angst<\/p>\n<\/li>\n<\/ol>\n","protected":false},"excerpt":{"rendered":"<p>Ein aufw\u00fchlendes, provokantes und kompromissloses Album voller Wut, Verzweiflung und Klartext. <em data-start=\"325\" data-end=\"332\">\u201eROT\u201c<\/em> steht f\u00fcr das innere Brennen \u2013 f\u00fcr das Gef\u00fchl, wenn einem das System, die Gesellschaft und das Leben zu viel werden. Zwischen pers\u00f6nlichen K\u00e4mpfen und gesellschaftlicher Anklage: Dieses Werk schreit, weint und explodiert.<\/p>\n","protected":false},"featured_media":345,"comment_status":"open","ping_status":"closed","template":"","meta":[],"product_brand":[],"product_cat":[19],"product_tag":[],"class_list":{"0":"post-344","1":"product","2":"type-product","3":"status-publish","4":"has-post-thumbnail","6":"product_cat-alben","8":"first","9":"instock","10":"downloadable","11":"virtual","12":"purchasable","13":"product-type-simple"},"_links":{"self":[{"href":"https:\/\/krawallonkel.net\/index.php\/wp-json\/wp\/v2\/product\/344","targetHints":{"allow":["GET"]}}],"collection":[{"href":"https:\/\/krawallonkel.net\/index.php\/wp-json\/wp\/v2\/product"}],"about":[{"href":"https:\/\/krawallonkel.net\/index.php\/wp-json\/wp\/v2\/types\/product"}],"replies":[{"embeddable":true,"href":"https:\/\/krawallonkel.net\/index.php\/wp-json\/wp\/v2\/comments?post=344"}],"wp:featuredmedia":[{"embeddable":true,"href":"https:\/\/krawallonkel.net\/index.php\/wp-json\/wp\/v2\/media\/345"}],"wp:attachment":[{"href":"https:\/\/krawallonkel.net\/index.php\/wp-json\/wp\/v2\/media?parent=344"}],"wp:term":[{"taxonomy":"product_brand","embeddable":true,"href":"https:\/\/krawallonkel.net\/index.php\/wp-json\/wp\/v2\/product_brand?post=344"},{"taxonomy":"product_cat","embeddable":true,"href":"https:\/\/krawallonkel.net\/index.php\/wp-json\/wp\/v2\/product_cat?post=344"},{"taxonomy":"product_tag","embeddable":true,"href":"https:\/\/krawallonkel.net\/index.php\/wp-json\/wp\/v2\/product_tag?post=344"}],"curies":[{"name":"wp","href":"https:\/\/api.w.org\/{rel}","templated":true}]}}